uppose 4*q = 6*q - 38. Calculate the greatest common divisor of q and 209.
19
Let b(s) = s**2 - 10*s + 3. Let x be b(12). Suppose 22 + 7 = -5*c + f, -3*c - 19 = f. Let p be (2 - 6)*x/c. What is the greatest common factor of 12 and p?
6
Suppose -2*i + 270 = -3*h + 5*h, 0 = -2*h + i + 270. Calculate the highest common factor of h and 15.
15
Suppose 5*a - 4*i = 26, 0 = a + 3*i - 0*i - 9. What is the highest common factor of 42 and a?
6
Suppose -4*z - 135 = 3*h, -66 = 4*z + 4*h + 66. Let n = -21 - z. Suppose -2*x - 1 = 5, -2*x = 3*i - 12. Calculate the greatest common factor of i and n.
3
Let w be ((-28)/(-3))/(8/60). Suppose 3*p - 23 = 121. Suppose -p = -5*b + 22. What is the highest common divisor of b and w?
14
Let o(t) = -20*t - 14. Let b be o(10). Let a = 302 + b. Calculate the highest common factor of a and 8.
8
Suppose -l + 2 = -0*l. Let x be l/(-3) + (-3)/9. Let n(p) = -13*p + 1. Let f be n(x). What is the greatest common factor of f and 126?
14
Suppose -5*t + 2*n = -454, 4*n = -5*t + 5*n + 452. What is the highest common factor of 36 and t?
18
Let u(d) = d**2 + 3*d + 8. Let g be u(-8). Suppose -5*o = -2*o - 360. What is the highest common factor of g and o?
24
Suppose b + 2 - 5 = 0. Suppose 3*f + 1 = -u + 5*f, -2*f + b = u. Let g = 14 + u. What is the greatest common divisor of 120 and g?
15
Let f be 43/3 + (-2)/(-3). Let l = -29 - -76. Let u = l - 2. Calculate the greatest common divisor of u and f.
15
Let p = -684 + 1126. Let t be p/39*(-6)/(-4). Calculate the highest common divisor of 136 and t.
17
Let z(k) be the first derivative of 5*k**2/2 - 2*k - 2. Let p be z(9). Suppose p = 5*v - 47. Calculate the greatest common factor of v and 45.
9
Suppose 1 = s + 2*b, 3*s - 2*s = 4*b + 13. What is the greatest common factor of 25 and s?
5
Suppose 4*v = -4*x + 112, v + 0*x - 26 = -2*x. Suppose 0 = 3*w - 20 + 2. Calculate the highest common divisor of w and v.
6
Let c be 0 + (75 - 1 - 0). Suppose -c = -6*q - 8. Suppose -b - 5*l = b - 262, -593 = -5*b + 3*l. Calculate the greatest common divisor of b and q.
11
Let h be (-12)/(4 - (-19)/(-4)). Calculate the greatest common divisor of 4 and h.
4
Suppose -2*i - 12 = -4*f, -f - 7 = -i - 2*i. Suppose 4*t + 2*r - 300 = 0, t + t - i*r = 170. Suppose 41 - 6 = 5*k. What is the highest common factor of k and t?
7
Let k be 178/26 - (-8)/52. Calculate the highest common factor of k and 49.
7
Let r(s) = 18*s**2. Let z be r(2). What is the greatest common factor of 27 and z?
9
Let w be (0 - -4)/(2/39). Suppose -260 = -17*n + 12*n. What is the greatest common factor of w and n?
26
Suppose 2*o = -4*b - 29 + 11, 4*o - 3*b = 19. What is the highest common divisor of o and 9?
1
Let r(c) = 2*c**2 + c - 6. Let x be r(2). What is the greatest common factor of x and 52?
4
Suppose 20 = -t + 32. Let m be ((-24)/(-10))/((-1)/(-5)). What is the highest common factor of m and t?
12
Let q = 53 + -47. What is the greatest common divisor of q and 186?
6
Suppose -48 = -3*n - 3*f, -3*n + 5*f + 26 = 2. Suppose 896 + 859 = 5*h. Suppose -3*i = -6*i + h. Calculate the greatest common factor of i and n.
13
Let c = 38 - 11. Let t(q) be the first derivative of q**4/4 + 7*q**3/3 - 9*q**2/2 + q + 3. Let d be t(-8). What is the greatest common divisor of d and c?
9
Let s = 18 - 13. Let b = 23 - s. Calculate the greatest common factor of b and 18.
18
Let k be (2343/154 - 4/(-14))*2. Suppose 639 = 5*b - 136. Calculate the greatest common divisor of k and b.
31
Let y = -13 - -25. Suppose 4*r = 8, -x + 3*r = 5 - 0. Suppose -7 - x = -2*l. What is the highest common divisor of l and y?
4
Let x(g) = 10*g**2 + 2*g + 1. Let a be x(-1). Suppose 6*d - d = -390. Let s = -33 - d. What is the greatest common factor of s and a?
9
Suppose 4*u + 6 + 3 = -3*i, 2*i - 14 = 4*u. Suppose 4*d = -o - 14, 3*d + o + 1 = 5*o. Let x be 6 - (d - 0 - -4). What is the highest common divisor of x and i?
1
Let d be (-25)/(-3 - 22/(-8)). Let w = d + -52. What is the greatest common divisor of 6 and w?
6
Let w(f) = 3*f**2 + 8*f + 6. Let s be w(-7). Let m be s/4 + 2/(-8). Let b be m + 0/(1 + 0). Calculate the greatest common factor of b and 12.
12
Let q(i) = -11*i - 3. Let c be q(-15). What is the highest common factor of 18 and c?
18
Let r(s) be the first derivative of 2*s**3/3 - s**2 - 3. Let v be r(-4). Calculate the greatest common divisor of v and 8.
8
Suppose -13 = -4*x + 4*r + 55, -3*r - 87 = -5*x. Calculate the greatest common factor of x and 18.
18
Let k be ((-1)/2)/(1/(-96)). Let n = -30 + k. Let i = n + -11. What is the greatest common factor of 35 and i?
7
Suppose -3 = 2*j - s - 4, -5*j = 3*s - 30. Suppose 0*u = u + j*k - 3, 3*u - 25 = -5*k. Let f be (1 + 9)*1/1. What is the highest common factor of u and f?
5
Let p be (-4)/(-6)*(1 + 161). What is the highest common factor of 12 and p?
12
Let n(l) = -l - 12. Let s be n(0). Let x = 34 + s. What is the highest common factor of x and 242?
22
Suppose 0 = -u + 5*x + 39, -7*u = -2*u + 5*x - 45. Calculate the highest common divisor of 49 and u.
7
Let j be (-6)/9 - (-47)/3. Let v be (3/(-9))/((-1)/j). What is the highest common divisor of 1 and v?
1
Let a = -8 - -5. Let d be (0/(-1))/(1 + a). Let s be ((-9)/(d + 1))/(-1). Calculate the highest common factor of s and 18.
9
Let r be 2*(3/(-6) + 10/4). Calculate the greatest common factor of 72 and r.
4
Let m(l) = -13*l**3 + 3*l**2 + 4*l - 4. Let p be m(-2). What is the highest common divisor of p and 13?
13
Let b(l) = -l - 5. Let g be b(-7). Let q = 3 - g. Suppose -4*s + 36 = 5*v, 0*s + s + q = 0. What is the greatest common factor of v and 16?
8
Let j be (6 + (-35)/10)*56/10. Calculate the highest common factor of j and 322.
14
Suppose g + d = -4*g + 22, -3*g + 3*d + 6 = 0. Calculate the highest common divisor of g and 32.
4
Let l(q) = q**2 + 8*q - 3. Let x be l(-7). Let u = -5 - x. Let p be 69/3 + 3 + -6. What is the highest common divisor of u and p?
5
Let f(n) = -11*n**2 - 3*n + 5. Let o be f(3). Let q = o - -193. Calculate the greatest common divisor of q and 18.
18
Let n = 3 - -4. Let m(p) = 9*p - 5 + p**3 - 7*p - 2 - 6*p**2. Let a be m(7). What is the greatest common factor of n and a?
7
Suppose -8 = -3*l - l. Suppose -2*i = -3*i + l, -5*i + 8 = -2*p. What is the greatest common factor of p and 3?
1
Let h = 64 - 28. Calculate the greatest common factor of h and 180.
36
Let a(k) = k**2 - 7. Let t be a(-3). What is the greatest common divisor of t and 22?
2
Suppose 0 = -0*q + q. Let g = q - -8. Calculate the greatest common divisor of g and 56.
8
Suppose 5*x + 0*x = 3*b + 35, 0 = 2*x + 4*b + 12. Suppose 2*z - 58 = 2*k, x*z - 92 = k - 3*k. Let o = z - 10. What is the highest common divisor of o and 3?
3
Let u be 1*-2*27/(-6). Let o = -2 + 1. Let s(x) = -8*x + 1. Let d be s(o). Calculate the greatest common factor of d and u.
9
Let k(r) = r**2 - 9*r + 10. Let s be k(8). Suppose -s*n + 0 + 6 = 0. What is the highest common factor of n and 33?
3
Let x = 640 + -445. Calculate the greatest common divisor of 39 and x.
39
Let t(d) = 76*d**2 + 2*d - 1 - 2*d. Let p be t(1). Let o = -3 - -33. What is the highest common factor of p and o?
15
Let s = -62 + 110. What is the greatest common divisor of 12 and s?
12
Let o be 7/28 + 238/8. Calculate the greatest common factor of 18 and o.
6
Let t be 228/14 + 8/(-28). Let o be ((-4)/10)/((-1)/20). What is the highest common divisor of t and o?
8
Let c = 139 - 129. Calculate the greatest common divisor of c and 5.
5
Let n be 20 + (-1 - -3) + 2. Let a = -20 - -54. Let w = a - n. Calculate the greatest common factor of 50 and w.
10
Suppose -4*s + 9*s - 10 = 0. Suppose n - 4 = 2*y - y, -5*y + 2*n = 35. Let c be (30/y)/(1/(-3)). What is the greatest common divisor of c and s?
2
Let u be (-1)/(-3) - 82/(-6). Let i(r) = -4*r + 3. Let o be i(-1). What is the highest common factor of u and o?
7
Suppose 0 = 4*d - 44 - 0. Let q(m) = 5*m - 29. Let s be q(8). What is the highest common factor of s and d?
11
Let g(p) = -4*p + 2. Let z be g(-2). What is the highest common factor of 30 and z?
10
Let j = 65 + -41. Let h(u) = 3*u**2 - u. Let z be h(1). Let x be ((-3)/z)/(3/(-12)). What is the highest common divisor of j and x?
6
Let h(l) = -l**3 + 9*l**2 - 6*l - 8. Let v = -1 - 3. Let g be (3/(-3) - 1)*v. Let s be h(g). What is the greatest common